 5*y = w*l - l - 2165, l - 4*y = 436. What are the prime factors of l?
2, 3
Suppose 0 = 4*k - 16, 0*x - 3*k = 2*x - 32. Let b = -17 + x. List the prime factors of (-145)/(-4) - b/(-28).
2, 3
Let z be (-5)/40*-20*(-41 - -1). Let v = 65 - z. Suppose -v + 471 = 3*h. What are the prime factors of h?
2, 3, 17
Let f = -11409 + 20755. What are the prime factors of f?
2, 4673
Suppose -18 + 39 = u. Let p = -38 + u. Let k(l) = l**3 + 17*l**2 - 4*l + 18. List the prime factors of k(p).
2, 43
Suppose 19*v - 3*z - 419 = 18*v, 4*v = -5*z + 1642. What are the prime factors of v?
7, 59
Suppose -5*q + 120 = 5*n, 4*q = -3 - 5. Let v = n + -22. Suppose 82 = -v*r + 5*d + 301, -10 = -2*d. What are the prime factors of r?
61
List the prime factors of (-50 + 99 + -48)/(1/(5878*1)).
2, 2939
Suppose -33722 = -23*i - 31*i + 26110. What are the prime factors of i?
2, 277
What are the prime factors of -1*(-4 + 22) - -5611?
7, 17, 47
Let z(d) = 8*d - 21. Let y be z(3). Suppose 13 = 4*l + 5. Suppose -5*w + 510 = l*j - 7*j, y = 3*j. List the prime factors of w.
103
Let x(t) = -1547*t - 2203. List the prime factors of x(-2).
3, 11
Let n(z) = 2*z - 10. Let t be n(5). Let j be (-1 + -5)*(t + 70/21). What are the prime factors of -1*2/10 + (-2224)/j?
3, 37
Let q be (32/24)/(4/18). Suppose 4*s - 10 = q. Suppose 0 = -s*b - 25 + 141. What are the prime factors of b?
29
Let g(y) = 11*y + 1. Let t be g(-2). Let x(q) = -q - 18. Let p be x(t). Suppose 0 = 4*s - o - 103, p*s + 5*o - 66 = 2*o. List the prime factors of s.
5
What are the prime factors of 8694 - (-15)/4*4?
3, 2903
Let t(n) = 84*n**2 - n + 1. Let x be t(1). Suppose -9*a + 8*a + 733 = 4*k, a = 5*k - 923. Let p = k - x. List the prime factors of p.
2, 5
Suppose -26*n = -35449 - 188463. What are the prime factors of n?
2, 2153
Suppose 0 = -2*r + 2*i + 25494, 4*r - i + 7607 = 58613. List the prime factors of r.
3, 13, 109
Let q = 4741 - 1091. Let f = q - 2211. What are the prime factors of f?
1439
Let o = -123733 + 69733. List the prime factors of o/(-120) - (1 + -1).
2, 3, 5
Let z(d) = 2*d**2 - 4*d + 3468. List the prime factors of z(0).
2, 3, 17
Suppose 0*a - 3077 = -9*a + 1612. What are the prime factors of a?
521
Let l(h) = -h**3 - 8*h**2 - 10*h - 21. Let a be l(-7). Suppose 9*n - 7*n - 36 = a. Suppose -15*v - 408 = -n*v. List the prime factors of v.
2, 17
Let x = -35 - -71. Suppose 89 = 5*o - x. List the prime factors of (155/o - 3)*55.
2, 11
Let v(f) = 6*f + 32. Let c be v(-5). Let p be (16/10)/(c/5). List the prime factors of p/(-14) - 886/(-14).
3, 7
Let a = 29871 - 3118. What are the prime factors of a?
31, 863
Let o = 28414 - -13403. What are the prime factors of o?
3, 53, 263
Suppose 74*z - 76*z = -p + 49158, -2*z = -2*p + 98312. What are the prime factors of p?
2, 7, 3511
Suppose -21211 = -15*g - 1471. List the prime factors of g.
2, 7, 47
Let t(h) be the first derivative of 109/4*h**4 + 1/2*h**2 - 1/3*h**3 - h - 3. List the prime factors of t(1).
2, 3
Let t(i) = -6*i - 1 + 8 + 3*i - 1. Let v(j) = -3*j + 6. Let n(m) = -5*t(m) + 6*v(m). What are the prime factors of n(1)?
3
Suppose 0 = 9*h - 6*h - 585. Suppose v = 3*n - 3*v - h, 4*n - 260 = 2*v. Let f = -36 + n. List the prime factors of f.
29
Suppose 8*i - 7346 = 2174. Let f = i + -261. What are the prime factors of f?
929
Let p(f) be the first derivative of 19 - 2*f - 3/2*f**2. What are the prime factors of p(-5)?
13
Let k = 174 - -8578. List the prime factors of k.
2, 547
Let g(u) = 9*u - 141. Let j be g(-15). Let a = 381 + j. What are the prime factors of a?
3, 5, 7
Suppose 58 = 2*c + x, c - 24*x - 29 = -21*x. List the prime factors of c.
29
Let t(z) = 68703*z**2 - 399*z - 402. List the prime factors of t(-1).
2, 3, 5, 229
Suppose 0 = 4*w + 2*s - 20, -w - 25 = -6*w + 2*s. What are the prime factors of ((-20)/3)/w*3228/(-8)?
2, 269
Suppose -11094 = -6*b + 3*b + 4*l, -5*l - 14792 = -4*b. What are the prime factors of b?
2, 43
Let c(n) = 37 - 16 + 17*n - 3*n. Let x be c(2). Let m = x - 45. List the prime factors of m.
2
Let u be (-28)/(-175)*5*13690/(-4). Let h = -1508 - u. What are the prime factors of h?
2, 3, 5, 41
Suppose -479 = 5*w - 10*w - 4*m, -m + 381 = 4*w. Suppose w = t - 25. What are the prime factors of (-2 + 0)/((-10)/t)?
2, 3
Suppose -118*q + 6726 = 3*o - 123*q, o - 3*q = 2242. List the prime factors of o.
2, 19, 59
Suppose -3*q - q - 2*i = -6, q + 5*i = 15. Suppose -2*g = 4*m + 525 - 3103, q = -m + 5*g + 628. List the prime factors of m.
643
Let c(q) = 28*q + 3. Let i be c(0). Let s(y) = 165*y + 3. List the prime factors of s(i).
2, 3, 83
Let h(x) = -x + 35. Suppose -23 - 67 = -15*c. What are the prime factors of h(c)?
29
Suppose -3*r + 36475 = 5*n, 29153 = 4*n + 62*r - 65*r. What are the prime factors of n?
2, 1823
Suppose 14*i + 27702 = 84892. What are the prime factors of i?
5, 19, 43
Let f(g) = g - 10. Let p be f(15). Suppose p*y = -2*j + j - 16, j + y = 0. Suppose 3*n - 228 = j*t, 2*n + 0*n + 2*t = 152. List the prime factors of n.
2, 19
Let l = 29 - 15. List the prime factors of (-4)/l + (-310)/(-7).
2, 11
Let t(i) be the third derivative of i**6/40 - 23*i**5/60 - 2*i**4/3 + 23*i**3/6 - 2*i**2 + 3. List the prime factors of t(10).
563
Let y(l) = -l + 14. Suppose -c + 0*z - z + 5 = 0, 0 = 4*z + 20. Let v be y(c). List the prime factors of (36/v - -2) + 4.
3, 5
Let s be (-1035 - 3/6*-4)*1. What are the prime factors of s*(2 - 9 - -6)?
1033
Suppose 5*z = 4*i - 1619, 3*i - 645 = 5*z + 973. Let d = -209 - z. What are the prime factors of d?
2, 3, 19
Let i(v) = 4*v - 38. Let j be i(16). Suppose -5*g = 3*n, -g = -4*n + j - 3. List the prime factors of (181/(-3) - g)*9/(-6).
2, 43
Let z be 2*(-4)/(24/(-9)). Let n = -375 - -778. Suppose -n = -z*w - 106. What are the prime factors of w?
3, 11
Let q(a) = 3*a - 35. Let p be q(14). What are the prime factors of (1 - 54/(-4))/(p/42)?
3, 29
Let b = 35808 + -22740. List the prime factors of b.
2, 3, 11
Let v(p) = 39*p + 64 - 69 - 26. List the prime factors of v(11).
2, 199
Suppose -4*g = -20, 28978 = 4*m + g - 1763. List the prime factors of m.
2, 17, 113
Suppose -7*d + 62*d = 110. Suppose p = d*k - 130, 0 = -k + 4*k - 4*p - 185. What are the prime factors of k?
67
Let j(g) = 2*g**3 + 135*g**2 + 185*g - 214. What are the prime factors of j(-66)?
2, 7, 23
Let h(p) = -p - 26. Let z(l) = l - 1. Let r(c) = -h(c) + 2*z(c). Let u(t) = t**2 + 10*t + 4. Let m be u(-9). List the prime factors of r(m).
3
Let u = 19 - 13. Let g = 24 - u. Suppose -17*k - 101 = -g*k. What are the prime factors of k?
101
Let v be 12 + (40/(-32))/((-3)/(-12)). Suppose -4656 = -4*h - 4*z + v*z, 4*h + 3*z = 4680. List the prime factors of h.
3, 389
Let x(c) = 58*c**2 + 1472*c + 8797. What are the prime factors of x(-6)?
2053
Let v = 28785 - -18543. What are the prime factors of v?
2, 3, 17, 29
Let c(l) = 128*l - 177. Let d(g) = -g**2 + 5*g + 6. Let i be d(2). What are the prime factors of c(i)?
3, 151
Let f = 48206 + -7222. List the prime factors of f.
2, 47, 109
Suppose -1030992 = -33*v - 310536. List the prime factors of v.
2, 2729
Suppose -387640 = -24*b + 367376. List the prime factors of b.
163, 193
Suppose -4*y + 11*y - 182 = 0. List the prime factors of (-904)/(-6)*39/y.
2, 113
Let n = 389 - 400. Let q(y) = -y**3 - 8*y**2 - y + 54. What are the prime factors of q(n)?
2, 107
Let i = -438 + -560. Suppose -61 = -19*k + 34. What are the prime factors of ((-20)/(-16))/k + i/(-8)?
5
What are the prime factors of ((-191968)/96)/((-4)/12)?
7, 857
Suppose 2*q + 3*n - 425 = 53, 3*q + 3*n - 711 = 0. List the prime factors of q - ((-3)/2)/(1/(-2)).
2, 5, 23
Let h(l) = 337*l**3 + l**2 + 114*l - 629. What are the prime factors of h(5)?
7, 859
Suppose -5*i + 5*d + 4040 = 0, 4*i - 3*i = -3*d + 796. Suppose 60*k - 55*k - i = 0. What are the prime factors of k?
7, 23
What are the prime factors of 52/13 + 23194/3 + 2/(-6)?
5, 7, 13, 17
Suppose 0 = 2*z + 5*x - 33054, 5*x + 20641 + 28865 = 3*z. What are the prime factors of z?
2, 3, 43
Let c(f) = -f**3 + 10*f**2 + 5*f + 4. Let v be c(11). Let t = -58 - v. Suppose -h + t + 4 = 0. List the prime factors of h.
2
Suppose o = 34 + 13. Suppose o - 127 = -8*b. What are the prime factors of b + -6 + (0 - -66)?
2, 5, 7
Let k(r) = -3*r - 2. Let u(a) = -10*a - 6. Let f(m) = -11*k(m) + 4*u(m). Let v be f(-1). Supp